{"id":40,"date":"2022-02-27T21:38:33","date_gmt":"2022-02-27T20:38:33","guid":{"rendered":"http:\/\/orguedevezelise.fr\/?page_id=40"},"modified":"2022-10-19T20:31:24","modified_gmt":"2022-10-19T18:31:24","slug":"la-restauration-de-2004-2007","status":"publish","type":"page","link":"https:\/\/orguedevezelise.fr\/?page_id=40","title":{"rendered":"La restauration de 2004-2007"},"content":{"rendered":"\n<p class=\"has-text-align-center\"><strong>Classement&nbsp; des&nbsp; Orgues&nbsp; de &nbsp;V\u00e9zelise <\/strong><br><strong>\u00e0 l\u2019Inventaire des Monuments Historiques:<\/strong><\/p>\n\n\n\n<p>La partie instrumentale des Orgues de V\u00e9zelise est class\u00e9e Monument Historique depuis le 15 F\u00e9vrier 1980<br>Le Buffet&nbsp; est class\u00e9 Monument Historique depuis le 16 mai 1980.<\/p>\n\n\n\n<p><strong>8. Ann\u00e9e 1982 : Une restauration&nbsp; des Orgues serait&nbsp; bien&nbsp; n\u00e9cessaire .<\/strong><\/p>\n\n\n\n<p>Melle Genevi\u00e8ve Rudelli&nbsp; d\u00e9missionne de son poste d\u2019organiste pour s\u2019installer \u00e0 Nancy . Le poste \u00e9tant vacant, M. le Doyen Jean Thomassin, cur\u00e9 affectataire , nomme G\u00e9rard Hoffalt&nbsp; organiste titulaire le 15 ao\u00fbt 1982&nbsp; ( ce dernier&nbsp; fut&nbsp; titulaire&nbsp; des&nbsp; Orgues Roethinger&nbsp; de l\u2019\u00e9glise St Barth\u00e9l\u00e9my de Mont-St-Martin 54 350 et ce de 1959 \u00e0 1979, 1\u00b0 prix d\u2019orgue du Conservatoire de Luxembourg ).<\/p>\n\n\n\n<p>A cette date , l\u2019orgue de V\u00e9zelise, soit disant entretenu&nbsp; \u00e9pisodiquement ,&nbsp; \u00e9tait&nbsp;&nbsp; empoussi\u00e9r\u00e9, un accord&nbsp; g\u00e9n\u00e9ral&nbsp; s\u2019av\u00e9rait indispensable , les tuyaux&nbsp; d\u2019anches , qui&nbsp; pour la plupart n\u2019\u00e9taient pas ficel\u00e9s, \u00e9taient courb\u00e9s , tordus par leur poids et&nbsp; \u00e9crasaient les autres. Bref il fallait faire quelque chose. M. le Cur\u00e9 Jean Thomassin et l\u2019organiste&nbsp; informent&nbsp; M. le Maire , Jacques&nbsp; Leclerc&nbsp; de l\u2019\u00e9tat de l\u2019instrument . M&nbsp; le&nbsp; Conservateur R\u00e9gional&nbsp; des M.H. , Alain Marais&nbsp; &#8211; 6 Place de Chambre \u00e0 Metz &#8211; , annonce&nbsp; \u00e0 M. Le- clerc , sous-couvert de&nbsp; Mr le Pr\u00e9fet, la visite de M. Gaston&nbsp; Litaize ,&nbsp; Membre de la 5\u00b0 Section de la Commission Sup\u00e9rieure des Monuments Historiques, et de M.&nbsp; Moth\u00e9r\u00e9, Technicien-Conseil , les deux accompagn\u00e9s d\u2019un facteur d\u2019orgues ( ce fut Th\u00e9o Haerpfer )&nbsp; \u00ab <em>afin qu\u2019un rapport d\u00e9taill\u00e9 me soit fait sur l\u2019\u00e9tat actuel de l\u2019instrument \u00bb <\/em>. Au su de ce qu\u2019avait propos\u00e9 M.Gaston Litaize, heureusement que les travaux de \u00ab restau- ration \u00bb n\u2019ont pas \u00e9t\u00e9 entrepris \u00e0 cette \u00e9poque \u2026 On \u00e9tait le 28 juillet 1983 , 15 H .<\/p>\n\n\n\n<p>En 1985, M. Jean-Marie Meignien , organiste&nbsp; de Troyes et technicien-conseil, vient&nbsp; \u00e0 V\u00e9zelise et proc\u00e8de \u00e0 un examen sommaire de l\u2019instrument. M. Lucien Husson et l\u2019organiste G.Hoffalt lui fournissent une importante documentation d\u2019archives; il les en remercie&nbsp; par un courrier&nbsp; du 24 mars 1986. Puis&nbsp; aucune&nbsp; nouvelle&nbsp; concernant l\u2019orgue dont l\u2019entretien sera confi\u00e9 au Ma\u00eetre Facteur d\u2019Orgues Yves Koenig&nbsp; qui d\u00e9posera&nbsp; la tuyauterie tr\u00e8s ab\u00eem\u00e9e .<\/p>\n\n\n\n<p><strong>9. RESTAURATION&nbsp; de&nbsp; 2002 \u2013 2007 :<\/strong><\/p>\n\n\n\n<figure class=\"wp-block-gallery has-nested-images columns-default is-cropped wp-block-gallery-1 is-layout-flex wp-block-gallery-is-layout-flex\">\n<figure class=\"wp-block-image size-large\"><img decoding=\"async\" loading=\"lazy\" width=\"300\" height=\"225\" data-id=\"41\" src=\"http:\/\/orguedevezelise.fr\/wp-content\/uploads\/2022\/02\/12170054-300x225-1.jpg\" alt=\"\" class=\"wp-image-41\"\/><\/figure>\n\n\n\n<figure class=\"wp-block-image size-large\"><img decoding=\"async\" loading=\"lazy\" width=\"300\" height=\"225\" data-id=\"42\" src=\"http:\/\/orguedevezelise.fr\/wp-content\/uploads\/2022\/02\/12170059-300x225-1.jpg\" alt=\"\" class=\"wp-image-42\"\/><\/figure>\n\n\n\n<figure class=\"wp-block-image size-large\"><img decoding=\"async\" loading=\"lazy\" width=\"300\" height=\"225\" data-id=\"43\" src=\"http:\/\/orguedevezelise.fr\/wp-content\/uploads\/2022\/02\/12170063-300x225-1.jpg\" alt=\"\" class=\"wp-image-43\"\/><\/figure>\n\n\n\n<figure class=\"wp-block-image size-large\"><img decoding=\"async\" loading=\"lazy\" width=\"300\" height=\"225\" data-id=\"44\" src=\"http:\/\/orguedevezelise.fr\/wp-content\/uploads\/2022\/02\/12170069-300x225-1.jpg\" alt=\"\" class=\"wp-image-44\"\/><\/figure>\n\n\n\n<figure class=\"wp-block-image size-large\"><img decoding=\"async\" loading=\"lazy\" width=\"300\" height=\"225\" data-id=\"45\" src=\"http:\/\/orguedevezelise.fr\/wp-content\/uploads\/2022\/02\/12170072-300x225-1.jpg\" alt=\"\" class=\"wp-image-45\"\/><\/figure>\n\n\n\n<figure class=\"wp-block-image size-large\"><img decoding=\"async\" loading=\"lazy\" width=\"300\" height=\"225\" data-id=\"46\" src=\"http:\/\/orguedevezelise.fr\/wp-content\/uploads\/2022\/02\/12170098-300x225-1.jpg\" alt=\"\" class=\"wp-image-46\"\/><\/figure>\n\n\n\n<figure class=\"wp-block-image size-large\"><img decoding=\"async\" loading=\"lazy\" width=\"300\" height=\"225\" data-id=\"51\" src=\"http:\/\/orguedevezelise.fr\/wp-content\/uploads\/2022\/02\/12170099-300x225-1.jpg\" alt=\"\" class=\"wp-image-51\"\/><\/figure>\n\n\n\n<figure class=\"wp-block-image size-large\"><img decoding=\"async\" loading=\"lazy\" width=\"225\" height=\"300\" data-id=\"47\" src=\"http:\/\/orguedevezelise.fr\/wp-content\/uploads\/2022\/02\/12170102-225x300-1.jpg\" alt=\"\" class=\"wp-image-47\"\/><\/figure>\n\n\n\n<figure class=\"wp-block-image size-large\"><img decoding=\"async\" loading=\"lazy\" width=\"225\" height=\"300\" data-id=\"48\" src=\"http:\/\/orguedevezelise.fr\/wp-content\/uploads\/2022\/02\/Console-225x300-1.jpg\" alt=\"\" class=\"wp-image-48\"\/><\/figure>\n\n\n\n<figure class=\"wp-block-image size-large\"><img decoding=\"async\" loading=\"lazy\" width=\"225\" height=\"300\" data-id=\"50\" src=\"http:\/\/orguedevezelise.fr\/wp-content\/uploads\/2022\/02\/Vue-generale2-225x300-1.jpg\" alt=\"\" class=\"wp-image-50\"\/><\/figure>\n\n\n\n<figure class=\"wp-block-image size-large\"><img decoding=\"async\" loading=\"lazy\" width=\"225\" height=\"300\" data-id=\"49\" src=\"http:\/\/orguedevezelise.fr\/wp-content\/uploads\/2022\/02\/Vezelisew-225x300-1.jpg\" alt=\"\" class=\"wp-image-49\"\/><\/figure>\n<figcaption class=\"blocks-gallery-caption\">L&rsquo;Orgue avant la restauration<\/figcaption><\/figure>\n\n\n\n<p><strong>*&nbsp; 18 juin 2000 . L\u2019espoir d\u2019une Restauration :<\/strong><\/p>\n\n\n\n<p>L\u2019Association&nbsp; des Amis de l\u2019Orgue&nbsp; fut&nbsp; cr\u00e9\u00e9e le 18 juin 2000 et enregistr\u00e9e&nbsp; en Pr\u00e9fecture de Nancy&nbsp; sous&nbsp; le N\u00b0 013932 .<br>La constitution&nbsp; du Bureau \u00e9tait&nbsp; la&nbsp; suivante :<\/p>\n\n\n\n<ul><li>Pr\u00e9sident : &nbsp;HOFFALT&nbsp;&nbsp; G\u00e9rard ,&nbsp; organiste titulaire<\/li><li>Vice-Pr\u00e9sident : VILLEMINOT&nbsp; Alexandre<\/li><li>Tr\u00e9sorier : GIRARD Pierre<\/li><li>Secr\u00e9taire : RICHARD&nbsp; Annette<\/li><li>Secr\u00e9taire&nbsp; adjoint : GRANGE&nbsp; Philippe<\/li><li>Relation Presse : VILLEMINOT&nbsp; Christian<\/li><li>Archiviste : HUSSON&nbsp; Lucien<\/li><\/ul>\n\n\n\n<p>Membres de droit :<\/p>\n\n\n\n<ul><li>Mme FRANCOIS&nbsp; Monique , Maire<\/li><li>M. GEGOUX&nbsp; Jean ,&nbsp; Cur\u00e9<\/li><\/ul>\n\n\n\n<p><strong>\u00ab L\u2019Association a pour but, en liaison&nbsp; avec la Commune de V\u00e9zelise, la restauration des Grandes Orgues K\u00fcttinger (1775)&nbsp; class\u00e9es&nbsp; Monument&nbsp; Historique ainsi que la promotion&nbsp; de ce&nbsp; magnifique instrument \u00ab classique fran\u00e7ais \u00bb&nbsp; et&nbsp; la naissance et le d\u00e9veloppement d\u2019un p\u00f4le de culture musicale li\u00e9e \u00e0 cet orgue XVIII\u00b0 \u00bb<\/strong><\/p>\n\n\n\n<p>*&nbsp; <strong>Les 29 et 30 ao\u00fbt 2000 : Johann Vexo enregistre&nbsp; un CD&nbsp; <\/strong>\u00e0 l\u2019orgue de V\u00e9zelise&nbsp; remis en \u00e9tat pour la circonstance par Sylvain Lauvergnat&nbsp; et G\u00e9rard Hoffalt. \u00ab <strong>CD&nbsp; Archive de l\u2019orgue&nbsp; dans sa composition&nbsp; avant&nbsp; restauration \u00bb. <\/strong>CD&nbsp; vendu&nbsp; au&nbsp; profit de la remise en \u00e9tat de l\u2019instrument .<br>Les Amis de l\u2019Orgue s\u2019engagent \u00e0 payer la moiti\u00e9 de la part communale , relative&nbsp; au co\u00fbt global&nbsp; de la restauration .<\/p>\n\n\n\n<p><strong>*&nbsp; 1 D\u00e9cembre 2000 : Mme&nbsp; Monique Fran\u00e7ois ,&nbsp; Maire , <\/strong>adresse&nbsp; \u00e0&nbsp; la&nbsp; DRAC&nbsp; une&nbsp; demande d\u2019Etude Pr\u00e9alable&nbsp; en vue d\u2019une restauration des orgues .<\/p>\n\n\n\n<p><strong>*&nbsp;&nbsp; 29 Janvier 2001 : Devis de l\u2019Etude Pr\u00e9alable <\/strong>\u00e9tabli par&nbsp; Mr Christian LUTZ , technicien-conseil&nbsp; MH \/ Orgues . Montant : 32 000 F<\/p>\n\n\n\n<p>*&nbsp; <strong>11 Octobre 2001 : <\/strong>MM&nbsp; Ch. LUTZ&nbsp;&nbsp; et&nbsp;&nbsp; JL. HELLERINGER (facteur d\u2019orgues&nbsp; charg\u00e9 de dessiner les plans)&nbsp; viennent \u00e0 V\u00e9zelise pour effectuer les relev\u00e9s , et le <strong>31&nbsp; octobre <\/strong>pour&nbsp; parachever&nbsp; leur \u00e9tude.<\/p>\n\n\n\n<p><strong>*&nbsp; 27 Juin 2002 : Assembl\u00e9e&nbsp; G\u00e9n\u00e9rale&nbsp; des Amis de l\u2019Orgue . <\/strong>Les&nbsp; Membres&nbsp; prennent connaissance de l\u2019Etude Pr\u00e9alable re\u00e7ue le 17 Juin 2002 .<\/p>\n\n\n\n<p>*\u00a0 <strong>10\u00a0 Octobre 2002<\/strong>, <strong>l\u2019Etude Pr\u00e9alable est\u00a0 \u00e9tudi\u00e9e \u00e0 Paris\u00a0 par la Commission\u00a0 Sup\u00e9rieure des Monuments Historiques\u00a0 qui d\u00e9cide le retour\u00a0 \u00e0 la composition d\u2019origine tout\u00a0 en conservant le dessus de Fl\u00fbte de Vautrin \u00e0 l\u2019Echo\u00a0 et\u00a0 en octroyant\u00a0 un p\u00e9dalier \u00e0 la fran\u00e7aise de\u00a0 32 notes FGA- d\u2019 \u2026 La Tirasse\u00a0 GO\u00a0\u00a0 et\u00a0 la d\u00e9composition du Cornet d\u2019Echo\u00a0 en B 8\u00a0 +\u00a0 Fl 4 +\u00a0 Cornet 3 Rgs\u00a0\u00a0 sont refus\u00e9es .<\/strong><\/p>\n\n\n\n<p><strong>*&nbsp; 15 Octobre 2002 : <\/strong>Courrier co-sign\u00e9 par Mme le Maire, Mr le Pr\u00e9sident de la Communaut\u00e9 de Communes du Saintois et le Pr\u00e9sident des Amis de l\u2019Orgue et adress\u00e9 \u00e0 Mr&nbsp; le Ministre de la Culture JJ Aillagon&nbsp; et \u00e0 Michel Chapuis (CSMH \/ orgues) pour indiquer que les Amis de l\u2019orgue ne sont pas d\u2019accord&nbsp; avec les propositions&nbsp; de la Commission. Le Ministre renvoie l\u2019affaire \u00e0 la Drac de Metz. Le technicien-conseil&nbsp; est invit\u00e9&nbsp; \u00e0 faire \u00e9tat d\u2019options demand\u00e9es par les Amis de l\u2019Orgue&nbsp; dans le Cahier des Charges .<\/p>\n\n\n\n<p>*&nbsp; <strong>1 D\u00e9cembre 2003 : Annonce de l\u2019appel d\u2019offres par Mr Lamiot, CRMH .<\/strong><br>Appel d\u2019offres ouvert du 8.12.2003&nbsp; au&nbsp; 12.01.2004<\/p>\n\n\n\n<p><strong>*&nbsp; 16 Janvier 2004 , Ouverture des plis : <\/strong>5 facteurs postulent . <strong>Le choix&nbsp; est diff\u00e9r\u00e9&nbsp; au<\/strong> <strong>27 Janvier 2004 : le march\u00e9&nbsp;&nbsp; est&nbsp; attribu\u00e9&nbsp; au Ma\u00eetre Facteur d\u2019Orgues Yves KOENIG <\/strong>de Sarre-Union (67) d\u2019o\u00f9 K\u00fcttinger&nbsp; est originaire .<\/p>\n\n\n\n<p>*\u00a0 <strong>D\u00e9montage de l\u2019Orgue <\/strong>et de la balustrade de tribune\u00a0 <strong>du lundi\u00a0 23\u00a0 F\u00e9vrier\u00a0 2004\u00a0 au matin \u2026au vendredi 27 F\u00e9vrier \u00e0 midi . Lors de la 1\u00b0 r\u00e9union de chantier\u00a0 du 27\u00a0 F\u00e9vrier, Mr Lamiot ,CRMH, promet\u00a0\u00a0 sa visite\u00a0 pour\u00a0 diagnostiquer\u00a0 l\u2019\u00e9tat\u00a0 du plancher\u00a0 de la tribune et pour\u00a0 proposer une solution de renforcement\u00a0 des\u00a0 solives . Il ne\u00a0 viendra\u00a0 pas .<\/strong><\/p>\n\n\n\n<figure class=\"wp-block-gallery has-nested-images columns-default is-cropped wp-block-gallery-3 is-layout-flex wp-block-gallery-is-layout-flex\">\n<figure class=\"wp-block-image size-large\"><img decoding=\"async\" loading=\"lazy\" width=\"225\" height=\"300\" data-id=\"52\" src=\"http:\/\/orguedevezelise.fr\/wp-content\/uploads\/2022\/02\/Ange-225x300-1.jpg\" alt=\"\" class=\"wp-image-52\"\/><figcaption>Angelot<\/figcaption><\/figure>\n\n\n\n<figure class=\"wp-block-image size-large\"><img decoding=\"async\" loading=\"lazy\" width=\"225\" height=\"300\" data-id=\"53\" src=\"http:\/\/orguedevezelise.fr\/wp-content\/uploads\/2022\/02\/Barker-225x300-1.jpg\" alt=\"\" class=\"wp-image-53\"\/><figcaption>Machine Barker<\/figcaption><\/figure>\n\n\n\n<figure class=\"wp-block-image size-large\"><img decoding=\"async\" loading=\"lazy\" width=\"300\" height=\"225\" data-id=\"54\" src=\"http:\/\/orguedevezelise.fr\/wp-content\/uploads\/2022\/02\/Positif-tuyaux2-300x225-1.jpg\" alt=\"\" class=\"wp-image-54\"\/><figcaption>Positif<\/figcaption><\/figure>\n\n\n\n<figure class=\"wp-block-image size-large\"><img decoding=\"async\" loading=\"lazy\" width=\"300\" height=\"225\" data-id=\"55\" src=\"http:\/\/orguedevezelise.fr\/wp-content\/uploads\/2022\/02\/Positif-sans-anches-et-plein-jeu2-300x225-1.jpg\" alt=\"\" class=\"wp-image-55\"\/><figcaption>Positif sans anches<\/figcaption><\/figure>\n\n\n\n<figure class=\"wp-block-image size-large\"><img decoding=\"async\" loading=\"lazy\" width=\"225\" height=\"300\" data-id=\"56\" src=\"http:\/\/orguedevezelise.fr\/wp-content\/uploads\/2022\/02\/GO-sommier-avant-D-225x300-1.jpg\" alt=\"\" class=\"wp-image-56\"\/><figcaption>Sommier grand orgue<\/figcaption><\/figure>\n\n\n\n<figure class=\"wp-block-image size-large\"><img decoding=\"async\" loading=\"lazy\" width=\"225\" height=\"300\" data-id=\"57\" src=\"http:\/\/orguedevezelise.fr\/wp-content\/uploads\/2022\/02\/Positif-tirage-des-jeux2-225x300-1.jpg\" alt=\"\" class=\"wp-image-57\"\/><figcaption>Positif tirage des jeux<\/figcaption><\/figure>\n\n\n\n<figure class=\"wp-block-image size-large\"><img decoding=\"async\" loading=\"lazy\" width=\"300\" height=\"225\" data-id=\"58\" src=\"http:\/\/orguedevezelise.fr\/wp-content\/uploads\/2022\/02\/Soufflet-Blesi-300x225-1.jpg\" alt=\"\" class=\"wp-image-58\"\/><figcaption>Soufflet Bl\u00e9si<\/figcaption><\/figure>\n\n\n\n<figure class=\"wp-block-image size-large\"><img decoding=\"async\" loading=\"lazy\" width=\"300\" height=\"225\" data-id=\"59\" src=\"http:\/\/orguedevezelise.fr\/wp-content\/uploads\/2022\/02\/Recit-abrege-300x225-1.jpg\" alt=\"\" class=\"wp-image-59\"\/><figcaption>R\u00e9cit abr\u00e9g\u00e9<\/figcaption><\/figure>\n\n\n\n<figure class=\"wp-block-image size-large\"><img decoding=\"async\" loading=\"lazy\" width=\"300\" height=\"225\" data-id=\"60\" src=\"http:\/\/orguedevezelise.fr\/wp-content\/uploads\/2022\/02\/Plein-Jeu-C-300x225-1.jpg\" alt=\"\" class=\"wp-image-60\"\/><figcaption>Plein jeu C<\/figcaption><\/figure>\n\n\n\n<figure class=\"wp-block-image size-large\"><img decoding=\"async\" loading=\"lazy\" width=\"300\" height=\"225\" data-id=\"61\" src=\"http:\/\/orguedevezelise.fr\/wp-content\/uploads\/2022\/02\/Demontage-GO-300x225-1.jpg\" alt=\"\" class=\"wp-image-61\"\/><figcaption>D\u00e9montage GO<\/figcaption><\/figure>\n\n\n\n<figure class=\"wp-block-image size-large\"><img decoding=\"async\" loading=\"lazy\" width=\"225\" height=\"300\" data-id=\"62\" src=\"http:\/\/orguedevezelise.fr\/wp-content\/uploads\/2022\/02\/Descente-des-chapeaux-225x300-1.jpg\" alt=\"\" class=\"wp-image-62\"\/><figcaption>Descente chapiteau<\/figcaption><\/figure>\n\n\n\n<figure class=\"wp-block-image size-large\"><img decoding=\"async\" loading=\"lazy\" width=\"300\" height=\"225\" data-id=\"63\" src=\"http:\/\/orguedevezelise.fr\/wp-content\/uploads\/2022\/02\/GO-en-demontage2-300x225-1.jpg\" alt=\"\" class=\"wp-image-63\"\/><figcaption>D\u00e9montage GO<\/figcaption><\/figure>\n<figcaption class=\"blocks-gallery-caption\">D\u00e9montage de l&rsquo;orgue<\/figcaption><\/figure>\n\n\n\n<p><strong>*\u00a0 La 2\u00b0 R\u00e9union de chantier\u00a0 <\/strong>qui devait avoir lieu en automne (car ni\u00a0 Madame Le Louarn, Inspecteur G\u00e9n\u00e9ral (Architecture et Patrimoine) ni\u00a0 Mr Chapuis n\u2019\u00e9taient libres avant ) <strong>se trouve programm\u00e9e pour le 5 Janvier\u00a0 2005, \u00e0 la Drac de Metz \u2026<\/strong><br>Sont pr\u00e9sents : Mme Le Louarn (IGAP), Mr Perdigon\u00a0 (Rapporteur \/ CSMH), Mr\u00a0 Chapuis (Rapporteur N\u00b02 \/ CSMH), Mr Lamiot (CRMH Lorraine), Melle Dormagen et Mr Bernard (adjoints \/ Mairie V\u00e9zelise), Mr Koenig (facteur d\u2019orgues),Mr Lutz (Technicien-conseil MH), Mr Hoffalt\u00a0 ( Pr\u00e9sident des Amis de l\u2019Orgue \/ organiste . V\u00e9zelise),\u00a0 et Mmes Mezureux et Weinsberg (Drac Metz).<\/p>\n\n\n\n<p><strong>Il a \u00e9t\u00e9 d\u00e9cid\u00e9 :<\/strong><\/p>\n\n\n\n<p><strong>\u00a4\u00a0 un p\u00e9dalier \u00e0 la fran\u00e7aise qui comportera 20 notes ( p\u00e9dalier\u00a0 de\u00a0 K\u00fcttinger de F \u00e0 d\u2019) + un p\u00e9dalier\u00a0 additionnel de 12 notes allant au r\u00e9, de\u00a0 28 mm\u00a0 de\u00a0 marche \u00e0 marche, le H sera sous le d\u2019 du clavier . ( Proposition\u00a0 de\u00a0 Mr\u00a0 Chapuis ) . Pr\u00e9vision de contre-touches pour toutes les marches puisqu\u2019elles seront n\u00e9cessaires pour le p\u00e9dalier additionnel .<\/strong><br><strong><em>Il est\u00a0 \u00e0 noter que l\u2019\u00e9tendue du p\u00e9dalier a suscit\u00e9 bien des r\u00e9flexions de la part de certains participants \u00e0 cette r\u00e9union :<\/em><\/strong><br><strong><em>&#8211; Pourquoi remettre en cause un p\u00e9dalier de 20 notes , de plus de 150 ans ? Etendue :Fa\u00b0-Sol\u00b0-La\u00b0 \u00e0 R\u00e9 2 .<\/em><\/strong><br><strong><em>&#8211; A Souvigny, le p\u00e9dalier de 23 notes (dont 17 pour les jeux de fonds) n\u2019emp\u00eache pas l\u2019organiste de jouer les sonates en trio de JS Bach\u2026<\/em><\/strong><br><strong><em>&#8211; On parle de 30 notes ( C \u2013 f \u2018), de 35 notes \u2026de p\u00e9dalier fixe de 20 notes (Fa\u00b0- Sol\u00b0-La\u00b0 \u00e0 r\u00e9\u20192 ) et d\u2019un additionnel mobile de 12 notes jusqu&rsquo;au r\u00e9 3 .<\/em><\/strong><\/p>\n\n\n\n<p><strong>\u00a4&nbsp; Une tirasse GO ( comme \u00e0 Rozay-en-Brie \/ Proposition&nbsp; de&nbsp; Mr&nbsp; Chapuis) : les contre-touches seront accroch\u00e9es au clavier d\u2019\u00e9cho . Cette&nbsp; tirasse&nbsp; qui&nbsp; n\u2019\u00e9tait pas la bienvenue pour&nbsp; la Commission&nbsp; agira&nbsp; sur&nbsp; 27 notes&nbsp; ( Do 1 \u00e0 r\u00e9 3 ) .<\/strong><\/p>\n\n\n\n<p><strong>\u00a4&nbsp; L\u2019option des l\u00e8ve-soufflets&nbsp; est&nbsp; abandonn\u00e9e .<\/strong><\/p>\n\n\n\n<p><strong>\u00a4\u00a0 Le cartouche sup\u00e9rieur ? Selon toute vraisemblance, le cartouche devait\u00a0\u00a0 \u00eatre peint pour No\u00ebl 1775\u00a0 aux armes du Prince de Salm, Abb\u00e9\u00a0 commendataire\u00a0 de l\u2019Abbaye de Beaupr\u00e9 . Mme Le Louarn <\/strong>de <strong>l\u2019IGAP pr\u00e9conise\u00a0 la conservation\u00a0 de la croix\u00a0 de Lorraine qui fait partie de l\u2019histoire de l\u2019instrument .<\/strong><\/p>\n\n\n\n<p><strong>\u00a4&nbsp;&nbsp; Les tirants de jeux de l\u2019Echo: les Amis de l\u2019Orgue avaient&nbsp; souhait\u00e9 la&nbsp; d\u00e9composition du Cornet&nbsp; en&nbsp; Bourdon 8 + Prestant 4&nbsp; et&nbsp; les trois&nbsp; rangs&nbsp; aigus&nbsp; (2\u2019 +2 2\/3 + 1 3\/5) : proposition refus\u00e9e&nbsp; le 10 Oct. 2003 par&nbsp; Mr Chapuis&nbsp; qui&nbsp; trouve&nbsp; l\u2019id\u00e9e int\u00e9ressante&nbsp; le 5 janvier 2005 .<\/strong> Les Membres de la Commission&nbsp; ayant \u00ab c\u00e9d\u00e9 \u00bb pour accorder&nbsp; la tirasse GO&nbsp; n\u2019ont pas voulu&nbsp; satisfaire la demande suppl\u00e9mentaire concernant le C<\/p>\n\n\n\n<figure class=\"wp-block-gallery has-nested-images columns-default is-cropped wp-block-gallery-5 is-layout-flex wp-block-gallery-is-layout-flex\">\n<figure class=\"wp-block-image size-large\"><img decoding=\"async\" loading=\"lazy\" width=\"300\" height=\"225\" data-id=\"64\" src=\"http:\/\/orguedevezelise.fr\/wp-content\/uploads\/2022\/02\/slide_05-300x225-1.jpg\" alt=\"\" class=\"wp-image-64\"\/><\/figure>\n\n\n\n<figure class=\"wp-block-image size-large\"><img decoding=\"async\" loading=\"lazy\" width=\"225\" height=\"300\" data-id=\"65\" src=\"http:\/\/orguedevezelise.fr\/wp-content\/uploads\/2022\/02\/slide_08-225x300-1.jpg\" alt=\"\" class=\"wp-image-65\"\/><\/figure>\n\n\n\n<figure class=\"wp-block-image size-large\"><img decoding=\"async\" loading=\"lazy\" width=\"225\" height=\"300\" data-id=\"66\" src=\"http:\/\/orguedevezelise.fr\/wp-content\/uploads\/2022\/02\/slide_10-225x300-1.jpg\" alt=\"\" class=\"wp-image-66\"\/><\/figure>\n\n\n\n<figure class=\"wp-block-image size-large\"><img decoding=\"async\" loading=\"lazy\" width=\"300\" height=\"225\" data-id=\"67\" src=\"http:\/\/orguedevezelise.fr\/wp-content\/uploads\/2022\/02\/slide_11-300x225-1.jpg\" alt=\"\" class=\"wp-image-67\"\/><\/figure>\n\n\n\n<figure class=\"wp-block-image size-large\"><img decoding=\"async\" loading=\"lazy\" width=\"300\" height=\"225\" data-id=\"68\" src=\"http:\/\/orguedevezelise.fr\/wp-content\/uploads\/2022\/02\/slide_16-300x225-1.jpg\" alt=\"\" class=\"wp-image-68\"\/><\/figure>\n\n\n\n<figure class=\"wp-block-image size-large\"><img decoding=\"async\" loading=\"lazy\" width=\"300\" height=\"225\" data-id=\"69\" src=\"http:\/\/orguedevezelise.fr\/wp-content\/uploads\/2022\/02\/slide_20-300x225-1.jpg\" alt=\"\" class=\"wp-image-69\"\/><\/figure>\n\n\n\n<figure class=\"wp-block-image size-large\"><img decoding=\"async\" loading=\"lazy\" width=\"300\" height=\"225\" data-id=\"70\" src=\"http:\/\/orguedevezelise.fr\/wp-content\/uploads\/2022\/02\/slide_23-300x225-1.jpg\" alt=\"\" class=\"wp-image-70\"\/><\/figure>\n\n\n\n<figure class=\"wp-block-image size-large\"><img decoding=\"async\" loading=\"lazy\" width=\"211\" height=\"300\" data-id=\"71\" src=\"http:\/\/orguedevezelise.fr\/wp-content\/uploads\/2022\/02\/slide_24-211x300-1.jpg\" alt=\"\" class=\"wp-image-71\"\/><\/figure>\n\n\n\n<figure class=\"wp-block-image size-large\"><img decoding=\"async\" loading=\"lazy\" width=\"211\" height=\"300\" data-id=\"72\" src=\"http:\/\/orguedevezelise.fr\/wp-content\/uploads\/2022\/02\/slide_25-211x300-1.jpg\" alt=\"\" class=\"wp-image-72\"\/><\/figure>\n<figcaption class=\"blocks-gallery-caption\">Le remontage de l&rsquo;orgue par l&rsquo;\u00e9quipe Koenig<\/figcaption><\/figure>\n\n\n\n<p class=\"has-text-align-center\"><a href=\"http:\/\/orguedevezelise.fr\/wp-content\/uploads\/2022\/02\/LORGUE-DE-VEZELISE-2008.pdf\">Lire \u00e9galement le diaporama de la restauration r\u00e9alis\u00e9 par l\u2019entreprise Koenig<\/a><\/p>\n","protected":false},"excerpt":{"rendered":"<p>Classement&nbsp; des&nbsp; Orgues&nbsp; de &nbsp;V\u00e9zelise \u00e0 l\u2019Inventaire des Monuments Historiques: La partie instrumentale des Orgues de V\u00e9zelise est class\u00e9e Monument Historique depuis le 15 F\u00e9vrier 1980Le Buffet&nbsp; est class\u00e9 Monument Historique depuis le 16 mai 1980. 8. Ann\u00e9e 1982 : Une restauration&nbsp; des Orgues serait&nbsp; bien&nbsp; n\u00e9cessaire . Melle Genevi\u00e8ve Rudelli&nbsp; d\u00e9missionne de son poste&hellip; <a class=\"more-link\" href=\"https:\/\/orguedevezelise.fr\/?page_id=40\">Poursuivre la lecture <span class=\"screen-reader-text\">La restauration de 2004-2007<\/span><\/a><\/p>\n","protected":false},"author":1,"featured_media":0,"parent":32,"menu_order":3,"comment_status":"closed","ping_status":"closed","template":"","meta":{"_eb_attr":"","footnotes":""},"_links":{"self":[{"href":"https:\/\/orguedevezelise.fr\/index.php?rest_route=\/wp\/v2\/pages\/40"}],"collection":[{"href":"https:\/\/orguedevezelise.fr\/index.php?rest_route=\/wp\/v2\/pages"}],"about":[{"href":"https:\/\/orguedevezelise.fr\/index.php?rest_route=\/wp\/v2\/types\/page"}],"author":[{"embeddable":true,"href":"https:\/\/orguedevezelise.fr\/index.php?rest_route=\/wp\/v2\/users\/1"}],"replies":[{"embeddable":true,"href":"https:\/\/orguedevezelise.fr\/index.php?rest_route=%2Fwp%2Fv2%2Fcomments&post=40"}],"version-history":[{"count":7,"href":"https:\/\/orguedevezelise.fr\/index.php?rest_route=\/wp\/v2\/pages\/40\/revisions"}],"predecessor-version":[{"id":438,"href":"https:\/\/orguedevezelise.fr\/index.php?rest_route=\/wp\/v2\/pages\/40\/revisions\/438"}],"up":[{"embeddable":true,"href":"https:\/\/orguedevezelise.fr\/index.php?rest_route=\/wp\/v2\/pages\/32"}],"wp:attachment":[{"href":"https:\/\/orguedevezelise.fr\/index.php?rest_route=%2Fwp%2Fv2%2Fmedia&parent=40"}],"curies":[{"name":"wp","href":"https:\/\/api.w.org\/{rel}","templated":true}]}}