{"id":34,"date":"2022-02-27T21:32:06","date_gmt":"2022-02-27T20:32:06","guid":{"rendered":"http:\/\/orguedevezelise.fr\/?page_id=34"},"modified":"2022-02-27T22:36:57","modified_gmt":"2022-02-27T21:36:57","slug":"lancien-instrument","status":"publish","type":"page","link":"https:\/\/orguedevezelise.fr\/?page_id=34","title":{"rendered":"L&rsquo;ancien instrument"},"content":{"rendered":"\n<p><strong>LES ORGUES de VEZELISE avant 1792<\/strong><\/p>\n\n\n\n<p>V\u00e9zelise fut la capitale du Comt\u00e9 de Vaud\u00e9mont jusqu\u2019\u00e0 son rattachement au Duch\u00e9 de Lorraine en 1473.<\/p>\n\n\n\n<p>V\u00e9zelise peut s\u2019enorgueillir de poss\u00e9der un patrimoine architectural exceptionnel, entre autres, <strong>l\u2019\u00e9glise gothique St C\u00f4me et St Damien construite de 1458 \u00e0 1521, un ensemble de vitraux du XVI\u00e8 si\u00e8cle, un orgue <\/strong>dont aucune archive ne subsiste &amp; qui fut touch\u00e9 par l\u2019organiste Nicolas de la Ruelle de 1582 \u00e0 1586, r\u00e9par\u00e9 en 1633 par le facteur nanc\u00e9ien Chr\u00e9tien Dognon. Le 15 juillet 1685, le cur\u00e9 African Verny voyant l\u2019orgue d\u00e9labr\u00e9 en propose la r\u00e9paration et l\u2019augmentation pour rendre l\u2019instrument en tous points semblables \u00e0 celui de St Nicolas de Neufch\u00e2teau construit en 1682: le march\u00e9 est conclu avec le facteur Jean Treuillot, install\u00e9 \u00e0 Langres, lequel terminera les travaux en 1686. Le 30 nov 1719, le sieur Charles Cachet, facteur d\u2019orgues \u00e0 Metz, de passage \u00e0 V\u00e9zelise, est d\u00e9sign\u00e9 pour r\u00e9parer l\u2019orgue qui est en mauvais \u00e9tat.<\/p>\n\n\n\n<p><strong>Composition de l\u2019orgue Treuillot de Neufch\u00e2teau (Vosges<\/strong>) :<\/p>\n\n\n\n<div class=\"wp-block-columns is-layout-flex wp-container-3 wp-block-columns-is-layout-flex\">\n<div class=\"wp-block-column is-layout-flow wp-block-column-is-layout-flow\">\n<p><strong>G.O. ; <\/strong>48 notes CD-c\u2019\u2019\u2019<\/p>\n<\/div>\n\n\n\n<div class=\"wp-block-column is-layout-flow wp-block-column-is-layout-flow\"><\/div>\n<\/div>\n\n\n\n<div class=\"wp-block-columns is-layout-flex wp-container-6 wp-block-columns-is-layout-flex\">\n<div class=\"wp-block-column is-layout-flow wp-block-column-is-layout-flow\">\n<ul><li>Montre 8<\/li><li>Bourdon&nbsp;&nbsp;&nbsp; 8<\/li><li>Prestant&nbsp;&nbsp;&nbsp;&nbsp;&nbsp;&nbsp;&nbsp;&nbsp;&nbsp;&nbsp;&nbsp;&nbsp;&nbsp; 4<\/li><li>Nazard&nbsp;&nbsp;&nbsp;&nbsp;&nbsp;&nbsp;&nbsp;&nbsp;&nbsp;&nbsp;&nbsp; &nbsp;2&nbsp; 2\/3<\/li><li>Doublette&nbsp;&nbsp;&nbsp;&nbsp;&nbsp;&nbsp;&nbsp;&nbsp;&nbsp;&nbsp; &nbsp;2<\/li><li>Tierce&nbsp;&nbsp;&nbsp;&nbsp;&nbsp;&nbsp;&nbsp;&nbsp;&nbsp;&nbsp;&nbsp;&nbsp;&nbsp; &nbsp;1&nbsp; 3\/5<\/li><li>Cornet 5 rgs&nbsp; c\u2019 \u2013 c\u2019\u2019\u2019<\/li><li>Fourniture&nbsp;&nbsp;&nbsp;&nbsp;&nbsp;&nbsp;&nbsp; &nbsp;4 rgs<\/li><li>Cimballe&nbsp;&nbsp;&nbsp;&nbsp;&nbsp;&nbsp;&nbsp;&nbsp;&nbsp; &nbsp;3 rgs<\/li><li>Trompette&nbsp;&nbsp;&nbsp;&nbsp;&nbsp;&nbsp;&nbsp;&nbsp;&nbsp;&nbsp;&nbsp;&nbsp; 8<\/li><li>Voix humaine&nbsp;&nbsp;&nbsp;&nbsp;&nbsp;&nbsp;&nbsp;&nbsp;8<\/li><\/ul>\n\n\n\n<p><strong>Echo<\/strong>. 25 notes&nbsp; c\u2019-c\u2019\u2019\u2019 Cornet 5rg<br>Tremblant \u00e0 vent perdu<br>Tremblant \u00e0 vent lent<br>Ro\u00ffsignol \u00e0 3 Tuyaux de plomb<br>3 soufflets en ch\u00eane : L 5 pieds larg : 2 pieds 1\/2<\/p>\n<\/div>\n\n\n\n<div class=\"wp-block-column is-layout-flow wp-block-column-is-layout-flow\">\n<figure class=\"wp-block-image size-large is-resized\"><img decoding=\"async\" loading=\"lazy\" src=\"http:\/\/orguedevezelise.fr\/wp-content\/uploads\/2022\/02\/orgue-Treuillot-203x300-1.png\" alt=\"\" class=\"wp-image-36\" width=\"245\" height=\"362\"\/><figcaption>L&rsquo;orgue Treuillot de Neufch\u00e2teau<\/figcaption><\/figure>\n<\/div>\n<\/div>\n\n\n\n<p>L\u2019orgue Treuillot de V\u00e9zelise se d\u00e9grade et lorsque survient la R\u00e9volution il faudrait 1200 livres pour le r\u00e9parer. La restauration ne se fera pas. Il sera remplac\u00e9 par le grand instrument de l\u2019Abbaye cistercienne de Beaupr\u00e9, proche de Lun\u00e9ville \u2013 et ce en 1792 -.<\/p>\n\n\n\n<div class=\"wp-block-buttons is-layout-flex wp-block-buttons-is-layout-flex\">\n<div class=\"wp-block-button\"><a class=\"wp-block-button__link\" href=\"http:\/\/orguedevezelise.fr\/?page_id=38(ouvre un nouvel onglet)\">lire la suite<\/a><\/div>\n<\/div>\n","protected":false},"excerpt":{"rendered":"<p>LES ORGUES de VEZELISE avant 1792 V\u00e9zelise fut la capitale du Comt\u00e9 de Vaud\u00e9mont jusqu\u2019\u00e0 son rattachement au Duch\u00e9 de Lorraine en 1473. V\u00e9zelise peut s\u2019enorgueillir de poss\u00e9der un patrimoine architectural exceptionnel, entre autres, l\u2019\u00e9glise gothique St C\u00f4me et St Damien construite de 1458 \u00e0 1521, un ensemble de vitraux du XVI\u00e8 si\u00e8cle, un orgue&hellip; <a class=\"more-link\" href=\"https:\/\/orguedevezelise.fr\/?page_id=34\">Poursuivre la lecture <span class=\"screen-reader-text\">L&rsquo;ancien instrument<\/span><\/a><\/p>\n","protected":false},"author":1,"featured_media":0,"parent":32,"menu_order":0,"comment_status":"closed","ping_status":"closed","template":"","meta":{"_eb_attr":"","footnotes":""},"_links":{"self":[{"href":"https:\/\/orguedevezelise.fr\/index.php?rest_route=\/wp\/v2\/pages\/34"}],"collection":[{"href":"https:\/\/orguedevezelise.fr\/index.php?rest_route=\/wp\/v2\/pages"}],"about":[{"href":"https:\/\/orguedevezelise.fr\/index.php?rest_route=\/wp\/v2\/types\/page"}],"author":[{"embeddable":true,"href":"https:\/\/orguedevezelise.fr\/index.php?rest_route=\/wp\/v2\/users\/1"}],"replies":[{"embeddable":true,"href":"https:\/\/orguedevezelise.fr\/index.php?rest_route=%2Fwp%2Fv2%2Fcomments&post=34"}],"version-history":[{"count":5,"href":"https:\/\/orguedevezelise.fr\/index.php?rest_route=\/wp\/v2\/pages\/34\/revisions"}],"predecessor-version":[{"id":125,"href":"https:\/\/orguedevezelise.fr\/index.php?rest_route=\/wp\/v2\/pages\/34\/revisions\/125"}],"up":[{"embeddable":true,"href":"https:\/\/orguedevezelise.fr\/index.php?rest_route=\/wp\/v2\/pages\/32"}],"wp:attachment":[{"href":"https:\/\/orguedevezelise.fr\/index.php?rest_route=%2Fwp%2Fv2%2Fmedia&parent=34"}],"curies":[{"name":"wp","href":"https:\/\/api.w.org\/{rel}","templated":true}]}}

<p><strong>LES ORGUES de VEZELISE avant 1792</strong></p>



<p>Vézelise fut la capitale du Comté de Vaudémont jusqu’à son rattachement au Duché de Lorraine en 1473.</p>



<p>Vézelise peut s’enorgueillir de posséder un patrimoine architectural exceptionnel, entre autres, <strong>l’église gothique St Côme et St Damien construite de 1458 à 1521, un ensemble de vitraux du XVIè siècle, un orgue </strong>dont aucune archive ne subsiste &amp; qui fut touché par l’organiste Nicolas de la Ruelle de 1582 à 1586, réparé en 1633 par le facteur nancéien Chrétien Dognon. Le 15 juillet 1685, le curé African Verny voyant l’orgue délabré en propose la réparation et l’augmentation pour rendre l’instrument en tous points semblables à celui de St Nicolas de Neufchâteau construit en 1682: le marché est conclu avec le facteur Jean Treuillot, installé à Langres, lequel terminera les travaux en 1686. Le 30 nov 1719, le sieur Charles Cachet, facteur d’orgues à Metz, de passage à Vézelise, est désigné pour réparer l’orgue qui est en mauvais état.</p>



<p><strong>Composition de l’orgue Treuillot de Neufchâteau (Vosges</strong>) :</p>



<div class="wp-block-columns is-layout-flex wp-container-3 wp-block-columns-is-layout-flex">
<div class="wp-block-column is-layout-flow wp-block-column-is-layout-flow">
<p><strong>G.O. ; </strong>48 notes CD-c’’’</p>
</div>



<div class="wp-block-column is-layout-flow wp-block-column-is-layout-flow"></div>
</div>



<div class="wp-block-columns is-layout-flex wp-container-6 wp-block-columns-is-layout-flex">
<div class="wp-block-column is-layout-flow wp-block-column-is-layout-flow">
<ul><li>Montre 8</li><li>Bourdon&nbsp;&nbsp;&nbsp; 8</li><li>Prestant&nbsp;&nbsp;&nbsp;&nbsp;&nbsp;&nbsp;&nbsp;&nbsp;&nbsp;&nbsp;&nbsp;&nbsp;&nbsp; 4</li><li>Nazard&nbsp;&nbsp;&nbsp;&nbsp;&nbsp;&nbsp;&nbsp;&nbsp;&nbsp;&nbsp;&nbsp; &nbsp;2&nbsp; 2/3</li><li>Doublette&nbsp;&nbsp;&nbsp;&nbsp;&nbsp;&nbsp;&nbsp;&nbsp;&nbsp;&nbsp; &nbsp;2</li><li>Tierce&nbsp;&nbsp;&nbsp;&nbsp;&nbsp;&nbsp;&nbsp;&nbsp;&nbsp;&nbsp;&nbsp;&nbsp;&nbsp; &nbsp;1&nbsp; 3/5</li><li>Cornet 5 rgs&nbsp; c’ – c’’’</li><li>Fourniture&nbsp;&nbsp;&nbsp;&nbsp;&nbsp;&nbsp;&nbsp; &nbsp;4 rgs</li><li>Cimballe&nbsp;&nbsp;&nbsp;&nbsp;&nbsp;&nbsp;&nbsp;&nbsp;&nbsp; &nbsp;3 rgs</li><li>Trompette&nbsp;&nbsp;&nbsp;&nbsp;&nbsp;&nbsp;&nbsp;&nbsp;&nbsp;&nbsp;&nbsp;&nbsp; 8</li><li>Voix humaine&nbsp;&nbsp;&nbsp;&nbsp;&nbsp;&nbsp;&nbsp;&nbsp;8</li></ul>



<p><strong>Echo</strong>. 25 notes&nbsp; c’-c’’’ Cornet 5rg<br>Tremblant à vent perdu<br>Tremblant à vent lent<br>Roÿsignol à 3 Tuyaux de plomb<br>3 soufflets en chêne : L 5 pieds larg : 2 pieds 1/2</p>
</div>



<div class="wp-block-column is-layout-flow wp-block-column-is-layout-flow">
<figure class="wp-block-image size-large is-resized"><img decoding="async" loading="lazy" src="http://orguedevezelise.fr/wp-content/uploads/2022/02/orgue-Treuillot-203x300-1.png" alt="" class="wp-image-36" width="245" height="362"/><figcaption>L&rsquo;orgue Treuillot de Neufchâteau</figcaption></figure>
</div>
</div>



<p>L’orgue Treuillot de Vézelise se dégrade et lorsque survient la Révolution il faudrait 1200 livres pour le réparer. La restauration ne se fera pas. Il sera remplacé par le grand instrument de l’Abbaye cistercienne de Beaupré, proche de Lunéville – et ce en 1792 -.</p>



<div class="wp-block-buttons is-layout-flex wp-block-buttons-is-layout-flex">
<div class="wp-block-button"><a class="wp-block-button__link" href="http://orguedevezelise.fr/?page_id=38(ouvre un nouvel onglet)">lire la suite</a></div>
</div>

<p>LES ORGUES de VEZELISE avant 1792 Vézelise fut la capitale du Comté de Vaudémont jusqu’à son rattachement au Duché de Lorraine en 1473. Vézelise peut s’enorgueillir de posséder un patrimoine architectural exceptionnel, entre autres, l’église gothique St Côme et St Damien construite de 1458 à 1521, un ensemble de vitraux du XVIè siècle, un orgue&hellip; <a class="more-link" href="https://orguedevezelise.fr/?page_id=34">Poursuivre la lecture <span class="screen-reader-text">L&rsquo;ancien instrument</span></a></p>
